thousands digit of 883979?
3
What is the tens digit of 1017911?
1
What is the millions digit of 5301286?
5
What is the units digit of 730415?
5
What is the hundred thousands digit of 15272708?
2
What is the hundred thousands digit of 266676?
2
What is the units digit of 491662?
2
What is the hundreds digit of 1325290?
2
What is the thousands digit of 2745841?
5
What is the tens digit of 2070630?
3
What is the thousands digit of 15460041?
0
What is the millions digit of 1701176?
1
What is the hundred thousands digit of 698690?
6
What is the ten thousands digit of 40532?
4
What is the ten thousands digit of 25460332?
6
What is the millions digit of 10823276?
0
What is the millions digit of 22727489?
2
What is the thousands digit of 9155141?
5
What is the thousands digit of 168919?
8
What is the tens digit of 4766293?
9
What is the units digit of 50714?
4
What is the millions digit of 15004086?
5
What is the hundreds digit of 1684035?
0
What is the hundred thousands digit of 303818?
3
What is the hundreds digit of 140247?
2
What is the ten millions digit of 31786977?
3
What is the thousands digit of 422702?
2
What is the ten thousands digit of 31082795?
8
What is the tens digit of 34083195?
9
What is the thousands digit of 59157?
9
What is the units digit of 8689565?
5
What is the tens digit of 103716?
1
What is the units digit of 1919082?
2
What is the hundred thousands digit of 119762?
1
What is the millions digit of 9362310?
9
What is the hundred thousands digit of 113418?
1
What is the tens digit of 7509345?
4
What is the thousands digit of 2207671?
7
What is the tens digit of 26274750?
5
What is the hundred thousands digit of 182634?
1
What is the hundreds digit of 393537?
5
What is the millions digit of 22753285?
2
What is the thousands digit of 22930920?
0
What is the units digit of 220454?
4
What is the millions digit of 1752457?
1
What is the ten thousands digit of 1743993?
4
What is the hundred thousands digit of 133052?
1
What is the hundred thousands digit of 7766997?
7
What is the millions digit of 15004403?
5
What is the thousands digit of 2631337?
1
What is the tens digit of 1192104?
0
What is the hundred thousands digit of 12728829?
7
What is the ten thousands digit of 431856?
3
What is the thousands digit of 463629?
3
What is the hundred thousands digit of 5052554?
0
What is the hundreds digit of 1964384?
3
What is the units digit of 801235?
5
What is the ten thousands digit of 1623717?
2
What is the hundreds digit of 13736368?
3
What is the millions digit of 16029556?
6
What is the hundreds digit of 157404?
4
What is the hundreds digit of 3168702?
7
What is the tens digit of 1082997?
9
What is the millions digit of 1352653?
1
What is the tens digit of 437275?
7
What is the hundred thousands digit of 206796?
2
What is the thousands digit of 273567?
3
What is the units digit of 115900?
0
What is the ten thousands digit of 6691600?
9
What is the hundreds digit of 1732708?
7
What is the thousands digit of 2423408?
3
What is the millions digit of 1032369?
1
What is the hundred thousands digit of 1547790?
5
What is the units digit of 4237792?
2
What is the hundreds digit of 381603?
6
What is the thousands digit of 54847?
4
What is the units digit of 1057358?
8
What is the millions digit of 1522172?
1
What is the thousands digit of 22743?
2
What is the hundreds digit of 746613?
6
What is the hundred thousands digit of 2125768?
1
What is the hundred thousands digit of 925660?
9
What is the hundreds digit of 1717972?
9
What is the ten thousands digit of 1891054?
9
What is the tens digit of 3761932?
3
What is the thousands digit of 484177?
4
What is the tens digit of 1737337?
3
What is the thousands digit of 67837?
7
What is the hundred thousands digit of 714805?
7
What is the units digit of 16967?
7
What is the tens digit of 1528551?
5
What is the tens digit of 328931?
3
What is the hundred thousands digit of 357756?
3
What is the thousands digit of 1745647?
5
What is the hundred thousands digit of 2058879?
0
What is the hundred thousands digit of 687513?
6
What is the ten thousands digit of 933415?
3
What is the ten thousands digit of 2835259?
3
What is the ten thousands digit of 11271373?
7
What is the units digit of 281211?
1
What is the units digit of 1562852?
2
What is the hundreds digit of 54608?
6
What is the tens digit of 616006?
0
What is the hundreds digit of 1192467?
4
What is the hundred thousands digit of 1787708?
7
What is the tens digit of 464?
6
What is the ten millions digit of 20193446?
2
What is the thousands digit of 13196512?
6
What is the thousands digit of 452387?
2
What is the millions digit of 2116359?
2
What is the ten millions digit of 12719715?
1
What is the thousands digit of 535480?
5
What is the tens digit of 2465822?
2
What is the hundred thousands digit of 2089567?
0
What is the millions digit of 5268569?
5
What is the tens digit of 6887101?
0
What is the ten thousands digit of 1371138?
7
What is the thousands digit of 1867616?
7
What is the units digit of 4179231?
1
What is the units digit of 188694?
4
What is the thousands digit of 5611447?
1
What is the tens digit of 5227745?
4
What is the ten thousands digit of 1526998?
2
What is the hundred thousands digit of 205261?
2
What is the hundred thousands digit of 3342114?
3
What is the hundred thousands digit of 3876420?
8
What is the hundreds digit of 417517?
5
What is the thousands digit of 535686?
5
What is the millions digit of 1312482?
1
What is the tens digit of 700229?
2
What is the tens digit of 250377?
7
What is the hundreds digit of 3998650?
6
What is the thousands digit of 703642?
3
What is the thousands digit of 238633?
8
What is the units digit of 113810?
0
What is the hundreds digit of 731693?
6
What is the thousands digit of 618606?
8
What is the hundreds digit of 31826577?
5
What is the tens digit of 8909510?
1
What is the units digit of 148431?
1
What is the thousands digit of 3447121?
7
What is the thousands digit of 531190?
1
What is the millions digit of 6791157?
6
What is the units digit of 7695904?
4
What is the thousands digit of 841994?
1
What is the tens digit of 6604696?
9
What is the hundred thousands digit of 12189732?
1
What is the tens digit of 9196991?
9
What is the hundred thousands digit of 1226676?
2
What is the hundred thousands digit of 19712233?
7
What is the hundred thousands digit of 1567988?
5
What is the tens digit of 8451507?
0
What is the units digit of 6127496?
6
What is the tens digit of 525238?
3
What is the millions digit of 1387893?
1
What is the tens digit of 5200?
0
What is the units digit of 998758?
8
What is the ten thousands digit of 1677198?
7
What is the millions digit of 1769831?
1
What is the hundreds digit of 3391271?
2
What is the thousands digit of 785300?
5
What is the units digit of 1286927?
7
What is the tens digit of 404784?
8
What is the tens digit of 1241809?
0
What is the units digit of 53645?
5
What is the thousands digit of 25397935?
7
What is the hundreds digit of 139821?
8
What is the hundred thousands digit of 1895192?
8
What is the thousands digit of 574927?
4
What is the ten thousands digit of 318718?
1
What is the hundreds digit of 30561?
5
What is the ten thousands digit of 88519?
8
What is the hundreds digit of 969538?
5
What is the thousands digit of 2499772?
9
What is the hundreds digit of 181752?
7
What is the hundreds digit of 1462874?
8
What is the hundred thousands digit of 710903?
7
What is the tens digit of 609838?
3
What is the ten thousands digit of 1084416?
8
What is the hundred thousands digit of 15124096?
1
What is the units digit of 159600?
0
What is the tens digit of 418431?
3
What is the ten thousands digit of 1514611?
1
What is the tens digit of 83191?
9
What is the millions digit of 5589911?
5
What is the thousands digit of 952140?
2
What is the tens digit of 1772987?
8
What is the hundreds digit of 7450846?
8
What is the ten thousands digit of 69581?
6
What is the tens digit of 620805?
0
What is the thousands digit of 4397897?
7
What is the thousands digit of 158913?
8
What is the ten thousands digit of 21509?
2
What is the hundred thousands digit of 2069771?
0
What is the hundred thousands digit of 1458587?
4
What is the tens digit of 4408948?
4
What is th